se 8, what is -5 + -37510636?
-37510643
In base 11, what is 5 + -89646722?
-89646718
In base 15, what is 0 + -3521c?
-3521c
In base 2, what is -10100101100011110000 + -10011?
-10100101100100000011
In base 3, what is 2110 - 11102022120?
-11102020010
In base 6, what is 2534224031 - 10?
2534224021
In base 7, what is 110021 + -20662?
56026
In base 8, what is -56660 - 7453?
-66333
In base 12, what is 2a052 + -ab5?
29159
In base 5, what is -1004 + -331242112?
-331243121
In base 12, what is -96 + -450a1?
-45177
In base 2, what is 10110111011101101101111 - -1010?
10110111011101101111001
In base 2, what is 1000011011 + 110111100010?
111111111101
In base 16, what is 0 - 1e881?
-1e881
In base 3, what is -1210122102211 + 1102000?
-1210121000211
In base 8, what is 225033245 + -2?
225033243
In base 15, what is 7 + -57395?
-5738d
In base 4, what is 32 - -312130311?
312131003
In base 11, what is 6755768 + 0?
6755768
In base 14, what is -5 - 202428?
-20242d
In base 8, what is -1173 - 1317374?
-1320567
In base 5, what is 21310 - -112333?
134143
In base 6, what is 1 + -2250132154?
-2250132153
In base 16, what is -104c7b + 9?
-104c72
In base 14, what is d3d680 - -2b?
d3d6ab
In base 9, what is 27 - -3785?
3823
In base 7, what is -1522006260 - 10?
-1522006300
In base 8, what is -3451 + 20435?
14764
In base 15, what is 2e3 + 1847?
1b3a
In base 11, what is 4832 + 488?
520a
In base 15, what is -85a286 - 5?
-85a28b
In base 8, what is -3021 + -6704?
-11725
In base 14, what is -c8 + -85a?
-944
In base 7, what is 2161555 + -6432?
2152123
In base 4, what is 200100202223 - -32?
200100202321
In base 10, what is 14353 - 232?
14121
In base 2, what is -101011001101 - -11001010010010111?
11000100111001010
In base 14, what is 2 - -7c8cc?
7c8d0
In base 5, what is -234123 - 12?
-234140
In base 11, what is -39 + 222a8?
2226a
In base 6, what is 2 - -331100454?
331100500
In base 15, what is 5a - 12833?
-127c8
In base 15, what is 44 + -3cdb74?
-3cdb30
In base 4, what is 1301 + -1301?
0
In base 11, what is -201844315 + -1?
-201844316
In base 3, what is -1100120112001 + -1120?
-1100120120121
In base 7, what is 4 - 106332635?
-106332631
In base 9, what is 3 - 323558566?
-323558563
In base 8, what is -701701341 - -2?
-701701337
In base 15, what is -53da - -3958?
-1982
In base 10, what is -4 - -377297?
377293
In base 8, what is 33347553 + 4?
33347557
In base 12, what is -3 - 27233bb6?
-27233bb9
In base 2, what is 111111111110010000001010 - -11010?
111111111110010000100100
In base 12, what is 257 - 57a44?
-577a9
In base 9, what is 4251142 - 51?
4251081
In base 15, what is 154421 - 5b?
1543b5
In base 11, what is 3 + 6a6675?
6a6678
In base 7, what is -110 - -102146345?
102146235
In base 2, what is 1011110001 + -100110001100?
-11010011011
In base 6, what is 321 + 230154?
230515
In base 16, what is 2630 + -14655?
-12025
In base 7, what is 15223214 + 5?
15223222
In base 2, what is -10001101101000010011 - 100?
-10001101101000010111
In base 8, what is -13161032 + 4?
-13161026
In base 9, what is -13328677 - -1?
-13328676
In base 5, what is -42410023 - 11333?
-42421411
In base 8, what is -14306412 + 3?
-14306407
In base 11, what is 4610 + -99720?
-95110
In base 14, what is 4b43d + -4d0?
4ad4d
In base 2, what is -101001111111 + 1111010010000?
1010000010001
In base 16, what is -b - -26817?
2680c
In base 8, what is 125506 + -52?
125434
In base 2, what is -110010101111111 - 1010000?
-110010111001111
In base 2, what is 100010000101110001000001 + -1110?
100010000101110000110011
In base 7, what is -10 - -2352243?
2352233
In base 16, what is 14d899a - -3?
14d899d
In base 16, what is 24f3b5c + 4?
24f3b60
In base 15, what is b8eecd + 1?
b8eece
In base 2, what is -1000100000 - 110110111101010?
-111000000001010
In base 3, what is -1002111 - -100221102?
22211221
In base 4, what is -11131013 - 22002?
-11213021
In base 8, what is 201745 - 136?
201607
In base 7, what is 56001 - -444266?
533300
In base 6, what is -31232 - -335123?
303451
In base 15, what is 18 - 307179?
-307161
In base 2, what is -11 - -111000011101010010?
111000011101001111
In base 7, what is -11416111341 - -4?
-11416111334
In base 9, what is 511014 + 10?
511024
In base 4, what is -30 - 110111000121?
-110111000211
In base 8, what is -3 - -25500252?
25500247
In base 6, what is 34532 - -35401?
114333
In base 3, what is -11110122 + -120200221?
-202011120
In base 13, what is 4c - 23a2745?
-23a26c6
In base 13, what is -2 + 1b9cb31?
1b9cb2c
In base 15, what is ca14 - -321?
cd35
In base 15, what is -54 + 95dd?
9589
In base 12, what is -6a4 - 6783?
-7267
In base 7, what is -2213 + -33513?
-36026
In base 5, what is 1230 + 111112?
112342
In base 13, what is 3279 + 278?
3524
In base 3, what is -2221001211202200 - -21?
-2221001211202102
In base 3, what is -22110010100200101 + -1?
-22110010100200102
In base 12, what is 112877 + 8?
112883
In base 7, what is 2452 - -203020?
205502
In base 15, what is 372b974 + 15?
372b989
In base 6, what is 0 - 10245304403?
-10245304403
In base 8, what is 71232 - 321?
70711
In base 11, what is 264768 + -6?
264762
In base 13, what is -181c - 26244?
-27a63
In base 7, what is 100 - 63333?
-63233
In base 13, what is -4cc + 5c107?
5b908
In base 15, what is 0 + -909899?
-909899
In base 6, what is -34004242 + -3230?
-34011512
In base 11, what is 568415 + 63?
568478
In base 9, what is 175564 + 54?
175628
In base 2, what is -110001011000 + -10111000111100?
-11101010010100
In base 4, what is 30 - 1133102101?
-1133102011
In base 13, what is -349ca9 + -9?
-349cb5
In base 14, what is 4b68 + 4361?
90c9
In base 13, what is 5 + 2776bbb9?
2776bbc1
In base 11, what is -2 + 6879602a?
68796028
In base 16, what is -2fae - 1d8?
-3186
In base 12, what is -154 - -34a182?
34a02a
In base 13, what is 137c2 - -13a?
1392c
In base 16, what is 5 + -1659a44e?
-1659a449
In base 6, what is -404 - 4013451?
-4014255
In base 12, what is -88 - 40b39?
-41005
In base 12, what is -143 - -15448b?
154348
In base 15, what is 87 + -b7252?
-b71ba
In base 12, what is -3573 - -62380?
5aa09
In base 9, what is -1 + 207021778?
207021777
In base 16, what is -4a646b + -2?
-4a646d
In base 7, what is -2065 - 14010464?
-14012562
In base 6, what is 4 + -525351520?
-525351512
In base 14, what is -39d2 + -178?
-3b6a
In base 5, what is -3 + 21341223412?
21341223404
In base 10, what is 97134 - -51?
97185
In base 6, what is 114 + -1101011550?
-1101011432
In base 8, what is -510731 - -1027?
-507702
In base 3, what is -1010202201 + -1000121100?
-2011101001
In base 16, what is -10 - -53c27?
53c17
In base 9, what is 158013240 - 1?
158013238
In base 8, what is 14225 - 47715?
-33470
In base 10, what is 2329757 + 0?
2329757
In base 11, what is 1366286 + -11?
1366275
In base 16, what is -2ce21 - -15?
-2ce0c
In base 12, what is -26470351 - 4?
-26470355
In base 14, what is -10d - -3888?
3779
In base 3, what is 110021010020110222 - 2?
110021010020110220
In base 5, what is 121 + -3240032412?
-3240032241
In base 5, what is 10311412 + -344?
10311013
In base 11, what is -1a72 - 21339?
-23300
In base 10, what is 2 + 71372705?
71372707
In base 7, what is 1001460 - -1142?
1002632
In base 11, what is -5 - 1070393?
-1070398
In base 9, what is 8541 + -21302?
-11651
In base 6, what is 101505112 + 250?
101505402
In base 5, what is -400 + -3344103?
-3400003
In base 5, what is -110222003010 - 0?
-110222003010
In base 2, what is -1011010101011010010111 + -11011?
-1011010101011010110010
In base 4, what is 1233223 - 10320?
1222303
In base 4, what is 11 - -213313120233?
213313120310
In base 3, what is -11012 - 12020112221?
-12020201010
In base 2, what is 10010111111011100010001101 - -1000?
10010111111011100010010101
In base 8, what is -1 + -10724632?
-10724633
In base 14, what is -5 - -21d3395?
21d3390
In base 12, what is 0 - 2559467?
-2559467
In base 11, what is 659452919 + 5?
659452923
In base 10, what is -45615 + 678?
-44937
In base 14, what is -142 + 35390?
3524c
In base 14, what is -1 - -1270452?
1270451
In base 14, what is -1 + 35d294?
35d293
In base 8, what is 7765102 - -152?
7765254
In base 8, what is 17354 + 3616?
23172
In base 10, what is 1990 - -1734?
3724
In base 2, what is 0 - -11010100101010101001011?
11010100101010101001011
In base 6, what is 1120105201 + 11?
1120105212
In base 3, what is 22000021201